34. Give b(1).
6
Let k(s) = 2*s**3 + 11*s**2 - 15*s + 1. Calculate k(-7).
-41
Let o(q) = q**3 - 8*q**2 + 4*q + 2. Calculate o(7).
-19
Let a(v) = -8*v - 2. Calculate a(2).
-18
Let f(k) = -k**3 - 14*k + 23. Give f(2).
-13
Let j(k) = k**2 + 10*k + 4. Give j(-5).
-21
Let q(i) = i**3 - 17*i**2 + 13*i + 27. Calculate q(16).
-21
Let p(x) = 7*x**2 - 1. What is p(1)?
6
Let p(m) = -2*m**2 + 11*m + 68. Determine p(-7).
-107
Let o(l) = -5*l + 33. Calculate o(11).
-22
Let x(y) = -y**2 - 23*y + 34. Calculate x(-24).
10
Let o(n) = -n + 12. Determine o(16).
-4
Let i(a) = -a**3 + a - 12. What is i(0)?
-12
Let k(y) = 13*y + 79. What is k(-6)?
1
Let p(n) = n**2 - 6. What is p(-3)?
3
Let c(m) = m**3 + 7*m**2 - m - 6. What is c(-7)?
1
Let r(k) = 26*k - 49. Calculate r(2).
3
Let r(p) = 4*p**2 - 4*p - 3. What is r(-1)?
5
Let c(i) = 4*i**2 - 180*i - 11. Calculate c(45).
-11
Let j(q) = q**2 - 8*q - 47. What is j(12)?
1
Let v(t) = -t**2 + 4*t - 7. Calculate v(7).
-28
Let y(u) = 65*u - 637. What is y(10)?
13
Let j(v) = -v**2 - 3*v + 1. Determine j(6).
-53
Let t(d) = d**3 - 4*d**2 + 2*d - 5. What is t(3)?
-8
Let q(c) = 26*c + 29. Calculate q(-1).
3
Let i(d) = d**3 + d**2 + 3*d + 63. What is i(0)?
63
Let q(p) = -54*p**2 + 2*p - 1. Determine q(1).
-53
Let v(x) = 18*x + 97. Calculate v(-8).
-47
Let p(n) = 4*n**3 + 5*n**2 + 4*n + 2. What is p(-2)?
-18
Let k(h) = h**3 + h**2 - 3*h - 4. Calculate k(-3).
-13
Let o(q) = -q**3 - 5*q**2 + 12*q - 14. Determine o(-7).
0
Let v(i) = -5*i + 29. Calculate v(12).
-31
Let i(u) = -3*u**3 + 2*u**2 - u - 2. Determine i(0).
-2
Let d(g) = g + 11. Determine d(0).
11
Let u(g) = g**2 - 17*g + 43. Calculate u(14).
1
Let v(d) = d**3 - 6*d**2 - 9*d + 8. What is v(6)?
-46
Let u(q) = q**2 + 13*q - 1. Determine u(-6).
-43
Let j(o) = -o**2 - 13*o + 69. Give j(-17).
1
Let n(m) = 2*m**2 - 39*m + 31. Give n(18).
-23
Let a(p) = -p**2 + 44*p + 367. What is a(-7)?
10
Let l(o) = 2*o**2 - 48*o - 25. Determine l(25).
25
Let o(j) = j**2 + 16*j + 50. Calculate o(-5).
-5
Let i(b) = b**2 - 10*b + 23. Determine i(7).
2
Let b(m) = -m**2 + 4*m - 3. What is b(4)?
-3
Let w(b) = -3*b - 6. Calculate w(-8).
18
Let p(d) = 6*d**2 - 4. Calculate p(-2).
20
Let n(t) = 61*t - 478. Determine n(8).
10
Let a(p) = 2*p**3 - 4*p**2 - 7*p. Determine a(4).
36
Let i(o) = -o + 24. Give i(17).
7
Let w(s) = 10*s + 403. Determine w(-41).
-7
Let k(c) = -27*c + 29. Determine k(7).
-160
Let c(m) = 2*m + 6. What is c(0)?
6
Let j(l) = 2*l**3 + 10*l**2 + 7*l - 7. What is j(-6)?
-121
Let c(l) = l**3 - l**2 - 2*l + 4. Give c(2).
4
Let g(x) = -15*x + 121. What is g(8)?
1
Let r(u) = -34*u - 339. Calculate r(-10).
1
Let z(c) = -c + 21. Give z(7).
14
Let r(y) = -2*y**2 + 2*y - 18. Determine r(0).
-18
Let k(y) = y - 6. What is k(11)?
5
Let j(p) = -34*p - 67. Determine j(-2).
1
Let o(c) = 7*c - 9. What is o(4)?
19
Let c(p) = p**3 + 4*p**2 + 5*p + 6. Determine c(-5).
-44
Let r(q) = 10*q. Calculate r(3).
30
Let j(p) = -4*p**2 - 67*p + 136. Determine j(2).
-14
Let b(n) = -n**3 - 29*n**2 + 129*n - 108. Give b(-33).
-9
Let u(n) = 3*n + 5. Determine u(4).
17
Let h(d) = 2*d - 75. Give h(35).
-5
Let a(d) = -10*d + 66. Determine a(3).
36
Let v(j) = j**3 + 9*j**2 - 12*j - 23. Calculate v(-10).
-3
Let l(y) = -y - 19. Give l(-10).
-9
Let o(b) = 15*b - 229. Determine o(16).
11
Let t(s) = -s**3 + 10*s**2 - s + 24. What is t(10)?
14
Let c(a) = a**2 + 8*a + 6. Give c(-5).
-9
Let r(u) = -2*u**2 - 2*u + 4. Calculate r(-4).
-20
Let r(u) = 18*u + 3. What is r(-1)?
-15
Let w(x) = -x**3 + 25*x**2 - 45*x - 18. What is w(23)?
5
Let b(r) = r**2 - r + 5. Determine b(-5).
35
Let s(r) = -2*r**3 - 2*r**2 + r - 2. What is s(-2)?
4
Let w(d) = 26*d - 1. Give w(-5).
-131
Let y(m) = -m**3 + 17*m**2 + 19*m - 20. Calculate y(18).
-2
Let p(y) = -y**3 + 18*y**2 + 65*y - 49. Determine p(21).
-7
Let d(k) = -2*k**3 + 6*k**2 + 39*k - 26. Give d(6).
-8
Let o(c) = -c**3 + 5*c - 2. Give o(3).
-14
Let z(i) = -i**3 - 14*i**2 + 12*i - 48. Give z(-15).
-3
Let j(v) = 17*v. What is j(-1)?
-17
Let n(t) = t**3 + 9*t**2 + 12*t - 25. Calculate n(-5).
15
Let g(h) = 3*h**3 + h**2 - 3. What is g(-2)?
-23
Let q(m) = -4*m**2 + 50*m - 19. Determine q(12).
5
Let x(p) = 4*p - 13. Determine x(7).
15
Let l(y) = -y + 8. What is l(-9)?
17
Let j(m) = -m**3 - 12*m**2 - 13*m - 10. Calculate j(-11).
12
Let a(f) = 26*f**3 - 5*f**2 + 6*f - 5. Determine a(2).
195
Let j(n) = n**3 + n - 64. Give j(0).
-64
Let p(a) = -a**3 + 3*a**2 + 7*a - 12. Give p(6).
-78
Let h(n) = 2*n**2 - 19*n - 3. Give h(10).
7
Let k(l) = -l**3 + 14*l**2 + 17*l - 17. Determine k(15).
13
Let w(f) = f**3 - 19*f**2 - 181*f - 29. What is w(26)?
-3
Let b(a) = -7*a + 7. What is b(2)?
-7
Let a(c) = c**3 + 4*c**2 + 11*c + 40. Give a(-4).
-4
Let c(w) = w**3 + 8*w**2 - 9*w - 9. Calculate c(-9).
-9
Let i(m) = -m**2 + 6*m + 13. Determine i(8).
-3
Let g(s) = 19*s - 3. Determine g(-4).
-79
Let p(i) = 15*i - 44. Determine p(7).
61
Let w(z) = -z**2 + z + 9. Give w(0).
9
Let t(s) = 7*s**2 - 9*s - 33. Give t(-3).
57
Let l(d) = d**3 + 17*d**2 - 14. What is l(-17)?
-14
Let i(m) = -34*m - 189. Calculate i(-6).
15
Let a(s) = -134*s - 1. Give a(1).
-135
Let p(n) = n**2 - 2*n - 4. Give p(-3).
11
Let x(t) = -2*t**3 - 15*t**2 - 20*t + 19. Give x(-5).
-6
Let w(g) = 4*g + 14. What is w(-9)?
-22
Let j(y) = -y**3 - 5*y**2 - y - 3. Determine j(-4).
-15
Let q(t) = -2*t**3 - 4*t**2 - 8*t - 49. Give q(-4).
47
Let j(z) = 2*z**2 + 22*z + 14. What is j(-10)?
-6
Let n(x) = -x**2 - 9*x - 9. What is n(-3)?
9
Let h(s) = -s**2 + 22*s - 69. Determine h(4).
3
Let d(m) = m**3 - 4*m**2 - 2*m - 57. What is d(0)?
-57
Let l(q) = -q**2 + 9*q + 26. What is l(8)?
34
Let w(z) = -z**3 - 13*z**2 - 40*z - 5. Give w(-5).
-5
Let f(c) = 15*c - 5. What is f(3)?
40
Let q(s) = -s**3 + 9*s**2 + 2*s + 16. Give q(9).
34
Let y(c) = -24*c + 69. Determine y(3).
-3
Let i(y) = -y**2 + 5*y - 5. Give i(5).
-5
Let m(z) = z**3 - 7*z**2 + 3*z - 2. Calculate m(5).
-37
Let p(c) = c**3 + 6*c**2 + 6. What is p(-6)?
6
Let m(d) = 29*d - 86. What is m(3)?
1
Let m(j) = 46*j**3 - 1. Calculate m(1).
45
Let q(x) = x**3 + 25*x**2 - 25*x - 14. Determine q(-26).
-40
Let b(h) = h**3 - 13*h**2 - 14*h - 5. Determine b(14).
-5
Let b(k) = 2*k**2 - 20*k - 46. Determine b(-2).
2
Let a(w) = 18*w**2 + 3*w - 4. What is a(2)?
74
Let t(w) = w**2 - 17*w - 27. What is t(19)?
11
Let g(j) = -j**2 - 3*j - 14. Give g(0).
-14
Let h(v) = 9*v - 2. Calculate h(1).
7
Let p(x) = -x**2 + 4*x + 49. Calculate p(9).
4
Let n(g) = -19*g + 21. Calculate n(-1).
40
Let w(t) = 2*t - 5. Determine w(12).
19
Let h(o) = -10*o**2 - 99*o + 10. Give h(-10).
0
Let t(i) = 5*i + 41. What is t(-4)?
21
Let g(d) = -d**2 - 11*d - 6. Give g(-11).
-6
Let v(m) = -11*m - 1. What is v(-4)?
43
Let k(c) = c**3 + 5*c**2 - 2*c + 24. Give k(-6).
0
Let x(t) = -t**2 + 4*t - 19. Determine x(0).
-19
Let b(u) = u**2 + 9*u - 64. Determine b(-15).
26
Let d(t) = -t**2 - 36*t + 80. Give d(-38).
4
Let t(n) = n + 9. What is t(-5)?
4
Let g(r) = -r**3 - 11*r**2 + 19*r + 85. Determine g(-12).
1
Let b(a) = a**3 + 9*a**2 + 9*a - 9. Give b(-7).
26
Let l(r) = -7*r + 4. Calculate l(4).
-24
Let v(n) = n**2 + 16*n + 8. Calculate v(-15).
-7
Let v(m) = -4*m + 16. Calculate v(7).
-12
Let t(z) = z**3 - 8*z**2 - 19*z + 16. Determine t(10).
26
Let o(h) = -17*h + 87. Calculate o(5).
2
Let u(a) = -7*a - 16. Calculate u(7).
-65
Let g(d) = -33*d + 21. Calculate g(4).
-111
Let h(l) = -2*l**3 + l**2 - 2*l + 1. Calculate h(1).
-2
Let y(z) = z**2 + 12*z + 11. What is y(-9)?
-16
Let m(f) = f**2 + f - 3. Determine m(-4).
9
Let m(z) = -2*z**3 + 29*z**2 + 16*z - 5. What is m(15)?
10
Let y(k) = 6*k - 115. What is y(24)?
29
Let y(o) = 3*o**3 - 12*o**2 + 9*o - 6. Calculate y(3).
-6
Let n(g) = g**2 + 41*g - 139. Give n(-44).
-7
Let j(w) = 8*w + 3. Calculate j(-1).
-5
Let l(b) = b**3 - 3*b**2 - b + 2. Calculate l(5).
47
Let l(h) = 5*h + 30. Give l(-7).
-5
Let m(l) = -2*l + 6. Determine m(4).
-2
Let v(s) = s**3 + 8*s**2 + 2*s + 12. Determine v(-8).
-4
Let b(m) = -m**3 + 11*m**2 - 15*m - 23. What is b(9)?
4
Let z(n) = 4*n + 3. What is z(-4)?
-13
Let h(l) = l**3 - 10*l**2 + 9*l + 19. Give h(10).
109
Let g(d) = -2*d**3 + 1. Calculate g(1).
-1
Let t(p) = -8*p**2 + 18*p. Calculate t(2).
4
Let v(u) = -2*u - 6. Calculate v(6).
-18
Let v(m) = m**3 + 6*m**2 + 2*m + 6. Give v(-5).
21
Let c(w) = 5*w - 